y + 9. Let d be v(-7). Suppose b + d*b - 6 = 0. Suppose b*k + 2*k = 28. What is the greatest common factor of 28 and k?
7
Suppose -4*d = -360 - 200. Calculate the highest common divisor of d and 20.
20
Suppose 3*d - 3*o - 101 = o, 211 = 5*d + 4*o. Suppose -2*m = -7*m + 130. What is the greatest common factor of m and d?
13
Let u be (-3)/(-2 - 1) - -6. Let a(g) = g**2 - 4*g - 10. Let r be a(u). Let v = r - 5. Calculate the highest common divisor of 6 and v.
6
Let j(n) = n**3 + 11*n**2 - 12*n + 5. Let q be j(-12). Suppose -q*c + 43 + 187 = 0. Let x be 3/4*(c - -2). What is the greatest common divisor of x and 4?
4
Suppose 6*w - 5*w - 5*z = 35, 3*w = -2*z + 71. What is the highest common divisor of w and 125?
25
Let t(f) = f**2 - 5*f - 20. Let n be t(9). What is the greatest common divisor of 64 and n?
16
Let f(j) = -j**2 + 4*j. Let i be f(3). Suppose -p = -2*p - c - 1, 5*p - 2*c - 23 = 0. What is the greatest common divisor of p and i?
3
Suppose -3*p + 0*p = -1074. Suppose 3*l + 2*j - 170 = l, -4*l + 2*j = -p. What is the highest common factor of l and 22?
22
Suppose -2*y + m + 19 = 0, 2*m = -y + 3*y - 22. Let g be (-4)/y*(-24)/1. What is the greatest common factor of 6 and g?
6
Suppose -5*c + 0*c + 10 = 0. Let l be 1/(-4) + c/8. Suppose -4*m - m + 45 = l. What is the highest common divisor of 18 and m?
9
Let f(s) = -s**3 + s**2 + 2*s. Let i be f(-2). Let w(b) = 2*b**2 + 3*b - 4. Let x be w(-3). Suppose x*v - 6 = 2*v. What is the highest common factor of v and i?
2
Suppose -g = -2*g + 84. Calculate the highest common factor of 126 and g.
42
Suppose 3*x + 3*l - 48 = -0*l, -5*x + l + 62 = 0. Suppose g = 3*g - 280. Suppose a = -2, -2*q - a = -14 - g. What is the greatest common divisor of q and x?
13
Let a be 45 - 1/(-3)*-3. Suppose -3*c = 2*c - 40. Let i = c - 4. Calculate the greatest common divisor of a and i.
4
Let h = 18 - 28. Let f be (-4)/h + 63/5. Calculate the highest common divisor of 104 and f.
13
Let m(y) = -3*y - 1. Let l be m(-4). Calculate the highest common factor of 33 and l.
11
Let s be (-8 + -1)*(-1)/(-1). Let a = s + 19. What is the greatest common factor of a and 2?
2
Let s be -9*(3/(-9))/((-2)/(-28)). Let t(o) = 13*o**3 + o**2. Let v be t(1). Calculate the greatest common factor of s and v.
14
Let q be 34/4 + (-9)/18. Calculate the greatest common factor of 16 and q.
8
Suppose 0 = l - 1, -4*j = l - 5*l - 60. What is the greatest common divisor of j and 4?
4
Let g(q) = 17*q**2 + 2*q + 4. Let c be g(-5). Suppose c = 3*v - 88. Suppose -5*h + v = -31. Calculate the greatest common factor of h and 60.
20
Let o(i) = i**3 - 7*i**2 + 3*i + 3. Let x be o(8). What is the greatest common divisor of 13 and x?
13
Let k(p) = -p**3 - 7*p**2 - 3*p - 9. Let t be k(-7). What is the greatest common factor of 108 and t?
12
Let l = 160 - 128. Suppose x + 2*x = 240. Calculate the greatest common divisor of x and l.
16
Suppose -54 - 147 = -3*m. Suppose 111 = 2*c + 2*c - 3*o, -3*c - o + m = 0. Suppose -5 = -2*g + 7. Calculate the highest common divisor of g and c.
6
Suppose 188 = 2*w + 4*t, 2*w = -2*w - t + 355. Calculate the greatest common factor of w and 8.
8
Suppose 2*t = 15 + 45. Let m(f) = f**3 - f + 6. Let p be m(0). What is the greatest common divisor of t and p?
6
Let x = 31 + -19. Suppose 6 = -2*o + 5*o. Let f be (2 + o - 2) + 2. What is the highest common divisor of x and f?
4
Let u be 4/5*(-90)/(-12). Let k be (9/u)/((-6)/(-8)). Suppose 3*a - 6 = -0. What is the greatest common factor of k and a?
2
Let y(n) be the third derivative of n**4/24 + 3*n**3/2 + 2*n**2. Let z be y(-8). Calculate the highest common factor of z and 8.
1
Let w(o) = -2*o - 8. Let h be w(-9). Calculate the highest common divisor of h and 10.
10
Let b be -2*(2 - 4) + -1. Suppose 0 = w - b*w + 36. Calculate the greatest common factor of w and 9.
9
Suppose -3*q = -4*k + 25, 3*k + 3*q = 21 + 3. What is the highest common divisor of 7 and k?
7
Let f(d) = d**2 + d - 2. Let x be f(2). Calculate the greatest common factor of x and 2.
2
Suppose 0 = g - 3*g + 5*t - 98, 2*t = 8. Let p = 59 + g. Let o be (-204)/(-4) + 1/(-1). Calculate the highest common divisor of o and p.
10
Let f = -5 - -41. Let b = 531 - 522. What is the highest common factor of f and b?
9
Let t(z) = z**3 + 4*z**2 + 4. Suppose 6*k = 2*k - 5*l - 6, -2*k - 14 = -3*l. Let x be t(k). What is the greatest common divisor of x and 44?
4
Let n be 4/(-5) + (-3)/15. Let z be ((-1)/n)/(4/(-36)). Let f = 2 - z. What is the greatest common divisor of 11 and f?
11
Let f(i) = i**3 - 4*i**2 + i + 4. Let o be f(4). Let x be 4/16 - (-6)/o. What is the greatest common divisor of x and 1?
1
Suppose -s - 3*s + 32 = 0. Calculate the highest common divisor of 56 and s.
8
Suppose -i - 6 + 26 = 0. What is the highest common factor of 10 and i?
10
Let d = 62 + -44. What is the highest common factor of d and 72?
18
Let p = -96 + 160. What is the greatest common divisor of 8 and p?
8
Suppose 0 = r + 4*r + 20. Let m be r/10 + 141/15. Let g(v) = v - 2. Let a be g(m). Calculate the greatest common factor of 1 and a.
1
Let d(y) = 5 - 2 - 2 - 13*y**3. Let w be d(-1). Suppose 0 = -f + q + w, -13 = -2*f + q + 12. What is the greatest common factor of 11 and f?
11
Let q(w) = -w + 23. Let i be q(12). What is the highest common divisor of i and 11?
11
Let n = 16 - 6. Let w be 226/n + (-15)/25. Calculate the highest common factor of w and 55.
11
Let c(g) = g - 6 - 3*g - 7*g - g. Let q be c(-5). Suppose 0 = 2*n + 8 - 30. Calculate the greatest common factor of n and q.
11
Suppose m = -4*d - 2, 5*m + 0*d = 4*d + 62. What is the greatest common factor of 25 and m?
5
Suppose -5*p = -23 + 8. Calculate the greatest common divisor of p and 15.
3
Let u(x) = x**3 + 8*x**2 + 7*x + 5. Let w be u(-5). Let z(f) = -f - 5. Let j be z(-6). Suppose j = 2*l - 9. Calculate the greatest common divisor of w and l.
5
Suppose 3*y = 2*b + 11 + 23, -4*y + 47 = -b. What is the greatest common divisor of y and 48?
12
Suppose 4*a = 2*u + 2*a + 10, -a - 11 = 3*u. Let l be u/(4/(-9)) - 1. Let d be (-80)/3*(-18)/l. Calculate the highest common divisor of 12 and d.
12
Let j be (-1 - -2) + -2 - -64. Calculate the greatest common factor of j and 42.
21
Let c(n) = -n + 4. Let j be c(-12). What is the highest common factor of 144 and j?
16
Let n = 0 + 2. Let j(y) = 1 - n*y + y + 0 + 11*y**2. Let x be j(1). Calculate the highest common factor of 22 and x.
11
Suppose 6*t = 2*t. Suppose -l = 3*r - 12, -r + 3*l - 16 = -6*r. Suppose -x - 16 = r*n, n + 16 = -t*x + 3*x. Calculate the greatest common factor of x and 2.
2
Let w(p) = 4*p**2 - 3*p + 2. Let v be w(2). What is the greatest common divisor of v and 24?
12
Let j = -1 - -3. Suppose r + 219 = j*r. Suppose -5*c - 210 = 3*z - 8*z, -r = -5*z + 2*c. What is the greatest common factor of z and 9?
9
Suppose -18*y + 170 = -118. What is the highest common divisor of 208 and y?
16
Let d(b) = 2*b + 4. Suppose 5*p + 5*w - 10 = 0, 18 = 4*p - 4*w - 22. Let i be d(p). Calculate the greatest common factor of 16 and i.
16
Suppose 5*s - 55 = -0*s + 5*w, s = 4*w + 20. Suppose -5*p - 6 = -4*j, -6*j = -11*j - 5*p + 30. What is the highest common factor of s and j?
4
Let a = 14 - 3. Suppose 5*c + 98 = 4*y, -5*c - 120 = -5*y - 0*y. Calculate the greatest common divisor of y and a.
11
Let w(r) = r**3 + r**2 + 28. Let j be w(0). Let l(m) = 72*m - 3. Let y be l(5). Let u be 4/(-14) + y/49. What is the highest common factor of j and u?
7
Let k be 4 - ((2 - 2) + -1). Suppose k*m = 3*m - 5*r - 12, 0 = -3*r - 12. What is the highest common divisor of 16 and m?
4
Let y(k) = -k**3. Let i be y(-1). What is the highest common factor of i and 1?
1
Let b = -85 + 155. Suppose -5*w + 122 = -3*c, 3*w + 0*w - c - b = 0. What is the greatest common divisor of w and 2?
2
Let p(o) = 2*o - 1. Let r be p(1). Let s be 75/(-3) + r/(-1). Let j = -15 - s. Calculate the highest common factor of 44 and j.
11
Let m be (2 - 3)*14*(-3)/3. What is the highest common factor of 126 and m?
14
Suppose 0 = -2*t + 13 + 3. Suppose 4*s + 4 = 0, -3*s + 67 = 5*r - 175. Let n = r - 29. Calculate the greatest common factor of n and t.
4
Suppose -5*k + y = -20, 4*k + 2*y - 3*y = 17. Let i be (k/1 - 6) + 8. Calculate the highest common factor of i and 20.
5
Let v(l) = -l. Let j be v(2). Let q = 